(-9)). Let l = -22240 - -22342. Calculate the greatest common divisor of l and d.
6
Suppose -4*n + 24 = 2*m, 74 = 5*m + 44*n - 48*n. Let s(p) = 40*p + 10. Let o be s(12). What is the highest common factor of o and m?
14
Suppose -41*a + 53*a - 4512 = 0. Let c = a - 172. Calculate the highest common factor of 51 and c.
51
Let i = -2609 - -2635. Calculate the greatest common divisor of 94 and i.
2
Suppose 0 = -3*p - 3, -5*p - 6 + 25 = 4*a. Let l be (1408/33)/2 - 2/a. What is the highest common divisor of l and 24?
3
Let k(x) = -x + 1 + 6 - 6*x + x**2. Suppose -13*f = -18 - 86. Let q be k(f). Calculate the highest common divisor of 120 and q.
15
Suppose -x + 17 = -3*t, 5*x - 44*t + 39*t - 115 = 0. What is the highest common factor of x and 146?
2
Let l(c) = 5*c. Let m be l(2). Let p be 11/(-11)*1*-5. Suppose -75 = -8*q + p*q. What is the highest common factor of q and m?
5
Let i = 628 + -532. Suppose -10 - 5 = 5*c, -3*a - 3*c + i = 0. Calculate the highest common factor of 945 and a.
35
Let k be (48/30)/((-1)/(-30)). Suppose 5059 - 19459 = -20*s. What is the greatest common divisor of s and k?
48
Let q(t) = 2*t**2 - 107*t - 597. Let g be q(-53). Calculate the highest common factor of g and 44.
44
Suppose 1446 + 12 = -6*h. Let p = h + 257. Calculate the greatest common divisor of 140 and p.
14
Let v be 8476/6 + (-193)/(-579). Calculate the greatest common divisor of v and 628.
157
Suppose -5*i = -3*j - 200, -i + 4*j + 318 = 295. Let a(x) = -5*x + 3. Let k be a(-6). Let m = 10 + k. What is the greatest common divisor of i and m?
43
Let r = -9 - -8. Let m(n) = n. Let z(h) = -2*h - 20. Let s(i) = r*z(i) - m(i). Let d be s(-8). What is the highest common divisor of 3 and d?
3
Let r be (-1 + 4/8)*(-54 + -82). Calculate the highest common divisor of r and 196.
4
Let p = 1354 - 1230. What is the highest common divisor of p and 682?
62
Suppose 2*r = 5*q + 1091, -4*r - r - q + 2633 = 0. What is the highest common factor of 864 and r?
48
Let b be ((-16)/(-16))/(2/4). Suppose -2*w + b*h + 182 = 0, -187 = -2*w + 12*h - 11*h. Calculate the greatest common divisor of 60 and w.
12
Suppose 22*r = 45*r - 1495. What is the highest common factor of r and 1157?
13
Suppose 1975 = 28*w - 6089. Calculate the greatest common factor of 3552 and w.
96
Let t = -4535 + 2645. Let b be ((t/4)/3)/((-207)/276). Suppose -4*f + 45 = 3*i - 5*f, -3*i = -4*f - 54. What is the highest common divisor of b and i?
14
Suppose 28520 = 2*v + 29*v. Calculate the highest common divisor of 320 and v.
40
Let h(r) = 2*r**2 + 12*r - 2. Let i be h(5). Let g = 341 + -161. Calculate the highest common divisor of i and g.
36
Suppose 2*x + 16 = -2*a, 5*a + 7*x + 36 = 3*x. Let q be 11 + 369/(-36) - 221/a. Calculate the highest common factor of 98 and q.
14
Suppose 26*s = 18*s - 104. Let b(r) = r**3 + 15*r**2 + 15*r - 47. Let d be b(s). Calculate the highest common divisor of 12 and d.
12
Suppose 4*z = 85 - 9. Let s(v) = -v + 19. Let y be s(z). Suppose 0*a - 9*a + 45 = y. Calculate the highest common divisor of 55 and a.
5
Suppose 0 = d - 2*n - 28, 4*d - 17*n - 88 = -21*n. Let c be 1/(6/(-27))*-48. Calculate the greatest common factor of c and d.
24
Let l be (-7 - (-357)/14)*(1 - -5). Let j = -35 + l. What is the highest common factor of j and 190?
38
Let t be 10/(-40) + 905/20. Calculate the highest common divisor of t and 405.
45
Let d = -12776 - -12811. Calculate the greatest common factor of 1057 and d.
7
Suppose 0 = 4*s - 555 - 7077. What is the greatest common divisor of 36 and s?
36
Suppose 3*n + 2*q - 152 = 0, 4*n = -2*q + 116 + 88. Suppose -o + n = 17. Let w be ((-21)/(-4))/(6/16). What is the greatest common factor of w and o?
7
Suppose -729 = -4*b - c, 0 = 4*b + 4*c - 1283 + 527. What is the highest common divisor of b and 820?
20
Suppose 5*m + 348 = 3*p, p + 38 = m + 152. Calculate the highest common divisor of p and 8769.
111
Let n(a) = a**3 - 7*a**2 - 2*a + 14. Let w be n(7). Let l(p) = 10*p**2 + 2 - 10*p**2 + p**2. Let h be l(w). What is the highest common divisor of h and 1?
1
Suppose 3*l + 171 = -0*g - g, -3*g = -4*l + 539. Let f = -168 - g. Calculate the greatest common factor of 21 and f.
3
Let f = 27 + -34. Let y(u) = 3*u**2 + 5*u - 21. Let k(o) = o**2 - o - 1. Let i(r) = 2*k(r) - y(r). Let q be i(f). What is the highest common factor of q and 19?
19
Suppose k + 13 = -3*w, -5*k + 0*k + 3*w = 29. Let d(f) = -45*f - 111. Let p be d(k). Calculate the highest common divisor of 12 and p.
12
Let x be 142 + (1 - -2) + -1. Let r(k) = -12*k**2 - 1617*k + 423. Let z be r(-135). Calculate the greatest common divisor of x and z.
18
Let s(c) = -c**3 + 6*c**2 - 7*c + 5. Suppose -4*d - 145 = -13. Let b = -29 - d. Let t be s(b). What is the highest common divisor of 6 and t?
3
Let j be (3360/(-1400))/(1 + (-8)/10). Let v be ((-136)/6)/((-68)/j - 6). Calculate the highest common divisor of 221 and v.
17
Let t = 102 - 100. Suppose -t*b = 4*g - 7*b - 77, -75 = -5*g + 2*b. Calculate the greatest common factor of 91 and g.
13
Let a(l) be the second derivative of l**4/12 + l**3/6 - 33*l**2/2 - 82*l. Let c be a(6). Let g = 60 - -3. What is the greatest common factor of g and c?
9
Suppose 4*b = -k - 2*k - 76, -2*k = 8. Suppose -4*d - 144 - 40 = 0. Let l = b - d. Calculate the highest common divisor of 15 and l.
15
Let p be (-3)/6 - 186/(-4). What is the greatest common factor of p and 161?
23
Let d(g) = 75*g + 709. Let m be d(-9). Let p be (-4137)/(-27) + 2/(-9). What is the greatest common divisor of m and p?
17
Let n = -35869 + 35890. Let t = 2601 + -1257. What is the highest common factor of n and t?
21
Suppose -8*q + 147*p + 107 = 148*p, 0 = -3*q + 2*p + 52. Let v be (18/(-1))/(-3) + -3. Suppose -4 = -v*n + 2. What is the highest common divisor of n and q?
2
Let f = -1 + 2. Suppose 8*n - 13*n + 10 = -5*p, 5*n = -3*p + 10. Suppose 6*s - 46 - 8 = p. What is the greatest common factor of s and f?
1
Let w be ((-4)/10)/((-68)/(-10) - 7). What is the greatest common factor of w and 1037?
1
Suppose -10*m = -70*m + 195300. What is the highest common factor of 336 and m?
21
Let m = -56135 - -56168. Suppose 0 = -y + 4*k + 6, -3*y + 2*y = 2*k - 30. Calculate the highest common factor of y and m.
11
Suppose a = -5*i + 30, 62*a - 67*a + 38 = -3*i. Let o be (30/7)/((-2)/(-14)). Suppose 0 = -2*l - 0*l + o. What is the highest common factor of a and l?
5
Let d be 42/(-273) + 3046/26 + 2. Let r = -89 + d. Let p be (2 - -2)/(5/r). Calculate the highest common divisor of p and 40.
8
Let v be (-11 + 2)*(-5)/3. Suppose w + 1 = 5*n, n + 32 = w + 25. What is the highest common factor of v and w?
3
Let y(g) = 2*g**2 + 1466*g + 23264. Let a be y(-16). Suppose -5*p + 0*p = -3*h - 115, -4*p + 90 = -2*h. Calculate the highest common factor of a and p.
20
Let k be -9 - 1 - 24/(-12 + (-8 - -18)). Let d(q) = q**3 - 8*q**2 - 2*q - 9. Let p be d(8). Let g = p + 39. What is the greatest common divisor of k and g?
2
Let r(k) = 2*k**3 + 18*k**2 + 9*k - 8. Suppose -9*j - 27 = 45. Let b be r(j). Calculate the greatest common factor of 24 and b.
24
Let x(r) = 85*r - 1. Let k be x(1). Let j be 1*-2 + k + -2. Let d be 6/3*-13 - 3192/(-76). What is the greatest common factor of d and j?
16
Suppose 2*f = 20 + 32. Suppose 1153 - 9 = 8*k. What is the greatest common factor of k and f?
13
Let m be (278 - 6/(-2))*6/(-2). Let b = m + 853. What is the greatest common divisor of b and 10?
10
Suppose c + 1413 = 10*c. Suppose t - c = -103. What is the greatest common factor of 48 and t?
6
Let t(i) = 1296*i + 550. Let w be t(1). What is the greatest common factor of 104 and w?
26
Let u(v) be the second derivative of -13/6*v**3 - 5*v**2 + 0 - 19*v + 1/20*v**5 + 5/6*v**4. Let g be u(-11). Calculate the greatest common factor of g and 8.
4
Let z be 69 + 7 + -5 + 9. Suppose 0 = -4*f + 208 + 32. What is the greatest common factor of z and f?
20
Let u = -297 - -132. Let t = u + 237. Calculate the greatest common factor of t and 48.
24
Let o be 4 + 0 - (8 - (-8)/(-2)). Suppose -3*h - s + 2 = 0, -3*h + o*s + 7 = -4*s. What is the greatest common factor of 4 and h?
1
Suppose 27*m + 127080 = 99*m. Calculate the highest common divisor of 5 and m.
5
Let k(z) = 8*z**3 - 42*z + 119. Let g be k(3). Let v = 5 - -14. Calculate the greatest common divisor of g and v.
1